e ten thousands digit of 10713366?
1
What is the hundreds digit of 5469401?
4
What is the hundred thousands digit of 3532173?
5
What is the hundreds digit of 3607925?
9
What is the units digit of 2892509?
9
What is the tens digit of 2274614?
1
What is the millions digit of 1679904?
1
What is the ten thousands digit of 23033328?
3
What is the thousands digit of 6785614?
5
What is the hundreds digit of 1599717?
7
What is the hundreds digit of 18045059?
0
What is the tens digit of 306603?
0
What is the hundreds digit of 4215596?
5
What is the ten thousands digit of 11628368?
2
What is the hundreds digit of 6050695?
6
What is the hundred thousands digit of 32611222?
6
What is the hundred thousands digit of 4602071?
6
What is the thousands digit of 335005?
5
What is the units digit of 2513493?
3
What is the ten thousands digit of 115802?
1
What is the hundred thousands digit of 3316763?
3
What is the thousands digit of 267277?
7
What is the tens digit of 17381396?
9
What is the hundreds digit of 390504?
5
What is the hundreds digit of 124609?
6
What is the hundred thousands digit of 1974815?
9
What is the units digit of 17482881?
1
What is the ten thousands digit of 567257?
6
What is the thousands digit of 114196?
4
What is the hundred thousands digit of 3715983?
7
What is the ten thousands digit of 151707?
5
What is the hundred thousands digit of 142164?
1
What is the thousands digit of 1683160?
3
What is the hundred thousands digit of 2977164?
9
What is the hundreds digit of 415823?
8
What is the millions digit of 35267633?
5
What is the tens digit of 3977277?
7
What is the tens digit of 6422964?
6
What is the hundreds digit of 264848?
8
What is the ten millions digit of 30007651?
3
What is the units digit of 273987?
7
What is the tens digit of 528281?
8
What is the thousands digit of 28619929?
9
What is the thousands digit of 245544?
5
What is the ten thousands digit of 5615784?
1
What is the units digit of 100893?
3
What is the units digit of 939501?
1
What is the hundreds digit of 5359765?
7
What is the hundreds digit of 10745560?
5
What is the tens digit of 3467416?
1
What is the thousands digit of 555704?
5
What is the hundred thousands digit of 4648945?
6
What is the units digit of 1000861?
1
What is the tens digit of 150841?
4
What is the units digit of 77826?
6
What is the hundreds digit of 128338?
3
What is the tens digit of 569944?
4
What is the tens digit of 21704178?
7
What is the ten thousands digit of 121750?
2
What is the hundreds digit of 15108208?
2
What is the hundred thousands digit of 297632?
2
What is the hundred thousands digit of 3533201?
5
What is the thousands digit of 9688208?
8
What is the hundreds digit of 18244935?
9
What is the ten thousands digit of 186510?
8
What is the tens digit of 113842?
4
What is the ten thousands digit of 42282?
4
What is the ten thousands digit of 5441545?
4
What is the units digit of 794156?
6
What is the hundred thousands digit of 1432611?
4
What is the millions digit of 1860926?
1
What is the tens digit of 2023670?
7
What is the thousands digit of 636190?
6
What is the tens digit of 106507?
0
What is the units digit of 369860?
0
What is the units digit of 444864?
4
What is the hundreds digit of 893336?
3
What is the thousands digit of 11478590?
8
What is the units digit of 2499908?
8
What is the ten thousands digit of 6128317?
2
What is the units digit of 9684967?
7
What is the hundred thousands digit of 14217268?
2
What is the tens digit of 2967531?
3
What is the ten thousands digit of 26532160?
3
What is the thousands digit of 329980?
9
What is the ten thousands digit of 3676219?
7
What is the ten thousands digit of 533060?
3
What is the tens digit of 1194686?
8
What is the thousands digit of 103482?
3
What is the hundreds digit of 308923?
9
What is the thousands digit of 11553746?
3
What is the thousands digit of 28790583?
0
What is the units digit of 478212?
2
What is the thousands digit of 460923?
0
What is the hundreds digit of 39815?
8
What is the thousands digit of 587375?
7
What is the hundreds digit of 2113936?
9
What is the units digit of 143770?
0
What is the tens digit of 641823?
2
What is the hundreds digit of 41118?
1
What is the hundreds digit of 48191?
1
What is the hundred thousands digit of 1060223?
0
What is the hundreds digit of 136526?
5
What is the ten thousands digit of 380900?
8
What is the millions digit of 1031766?
1
What is the units digit of 414869?
9
What is the units digit of 108109?
9
What is the tens digit of 1622918?
1
What is the hundred thousands digit of 28234376?
2
What is the ten thousands digit of 1919500?
1
What is the hundred thousands digit of 474601?
4
What is the hundreds digit of 238844?
8
What is the tens digit of 75357?
5
What is the thousands digit of 51088?
1
What is the thousands digit of 93865?
3
What is the tens digit of 1635023?
2
What is the millions digit of 8726315?
8
What is the ten thousands digit of 6822829?
2
What is the units digit of 73222?
2
What is the tens digit of 201829?
2
What is the tens digit of 9253798?
9
What is the thousands digit of 1107187?
7
What is the thousands digit of 305720?
5
What is the hundreds digit of 87928?
9
What is the tens digit of 7075278?
7
What is the hundreds digit of 22553001?
0
What is the tens digit of 451162?
6
What is the hundreds digit of 19585006?
0
What is the units digit of 48451?
1
What is the hundred thousands digit of 257053?
2
What is the tens digit of 20802?
0
What is the millions digit of 8312955?
8
What is the thousands digit of 250352?
0
What is the millions digit of 4769641?
4
What is the units digit of 932072?
2
What is the hundred thousands digit of 741920?
7
What is the thousands digit of 799859?
9
What is the hundred thousands digit of 33410976?
4
What is the tens digit of 317131?
3
What is the thousands digit of 230962?
0
What is the millions digit of 3490333?
3
What is the hundred thousands digit of 365389?
3
What is the tens digit of 6955065?
6
What is the tens digit of 467449?
4
What is the thousands digit of 6426746?
6
What is the ten thousands digit of 104160?
0
What is the thousands digit of 722348?
2
What is the ten thousands digit of 292865?
9
What is the tens digit of 29904?
0
What is the units digit of 440384?
4
What is the hundreds digit of 2689861?
8
What is the millions digit of 1941492?
1
What is the units digit of 140927?
7
What is the thousands digit of 785478?
5
What is the hundred thousands digit of 4483941?
4
What is the ten thousands digit of 1149742?
4
What is the hundred thousands digit of 2745588?
7
What is the hundred thousands digit of 7541420?
5
What is the hundreds digit of 16994538?
5
What is the ten thousands digit of 13367112?
6
What is the units digit of 1394191?
1
What is the ten thousands digit of 9267532?
6
What is the ten thousands digit of 5955421?
5
What is the units digit of 94935?
5
What is the ten thousands digit of 391080?
9
What is the ten thousands digit of 9369492?
6
What is the hundreds digit of 493062?
0
What is the units digit of 28873?
3
What is the thousands digit of 3192426?
2
What is the ten thousands digit of 2339679?
3
What is the hundred thousands digit of 593224?
5
What is the units digit of 277146?
6
What is the tens digit of 14878786?
8
What is the ten thousands digit of 511763?
1
What is the thousands digit of 59095?
9
What is the millions digit of 4257850?
4
What is the ten thousands digit of 181048?
8
What is the hundred thousands digit of 2164142?
1
What is the units digit of 116269?
9
What is the thousands digit of 1297780?
7
What is the tens digit of 8484706?
0
What is the hundred thousands digit of 25175670?
1
What is the thousands digit of 217381?
7
What is the hundreds digit of 55584?
5
What is the hundred thousands digit of 293152?
2
What is the ten millions digit of 22629977?
2
What is the hundreds digit of 15580531?
5
What is the hundred thousands digit of 11838184?
8
What is the hundred thousands digit of 2568024?
5
What is the units digit of 540841?
1
What is the tens digit of 6487694?
9
What is the tens digit of 2670973?
7
What is the units digit of 67279?
9
What is the tens digit of 337511?
1
What is the thousands digit of 22273650?
3
What is the hundreds digit of 744845?
8
What is the thousands 